{"id":1546,"date":"2025-05-24T17:21:37","date_gmt":"2025-05-24T15:21:37","guid":{"rendered":"https:\/\/gilmobiliari.com\/productes\/mobiliari-a-mida\/"},"modified":"2025-08-10T00:04:22","modified_gmt":"2025-08-09T22:04:22","slug":"mobiliari-a-mida","status":"publish","type":"portfolio","link":"https:\/\/gilmobiliari.com\/fr\/productes\/mobiliari-a-mida\/","title":{"rendered":"Mobilier sur mesure"},"content":{"rendered":"","protected":false},"excerpt":{"rendered":"<p>Conf\u00e9rences, h\u00f4tels, ext\u00e9rieurs<\/p>\n","protected":false},"author":1,"featured_media":722,"menu_order":2,"comment_status":"open","ping_status":"closed","template":"","meta":[],"portfolio-types":[25],"class_list":["post-1546","portfolio","type-portfolio","status-publish","has-post-thumbnail","hentry","portfolio-types-produits"],"aioseo_notices":[],"_links":{"self":[{"href":"https:\/\/gilmobiliari.com\/fr\/wp-json\/wp\/v2\/portfolio\/1546","targetHints":{"allow":["GET"]}}],"collection":[{"href":"https:\/\/gilmobiliari.com\/fr\/wp-json\/wp\/v2\/portfolio"}],"about":[{"href":"https:\/\/gilmobiliari.com\/fr\/wp-json\/wp\/v2\/types\/portfolio"}],"author":[{"embeddable":true,"href":"https:\/\/gilmobiliari.com\/fr\/wp-json\/wp\/v2\/users\/1"}],"replies":[{"embeddable":true,"href":"https:\/\/gilmobiliari.com\/fr\/wp-json\/wp\/v2\/comments?post=1546"}],"wp:featuredmedia":[{"embeddable":true,"href":"https:\/\/gilmobiliari.com\/fr\/wp-json\/wp\/v2\/media\/722"}],"wp:attachment":[{"href":"https:\/\/gilmobiliari.com\/fr\/wp-json\/wp\/v2\/media?parent=1546"}],"wp:term":[{"taxonomy":"portfolio-types","embeddable":true,"href":"https:\/\/gilmobiliari.com\/fr\/wp-json\/wp\/v2\/portfolio-types?post=1546"}],"curies":[{"name":"wp","href":"https:\/\/api.w.org\/{rel}","templated":true}]}}

<p>Conférences, hôtels, extérieurs</p>
