{"id":1638,"date":"2025-05-24T17:46:34","date_gmt":"2025-05-24T15:46:34","guid":{"rendered":"https:\/\/gilmobiliari.com\/productes\/congressos\/"},"modified":"2025-08-10T13:14:23","modified_gmt":"2025-08-10T11:14:23","slug":"congressos","status":"publish","type":"portfolio","link":"https:\/\/gilmobiliari.com\/fr\/productes\/congressos\/","title":{"rendered":"Congr\u00e8s et conventions"},"content":{"rendered":"","protected":false},"excerpt":{"rendered":"<p>Mobilier sur mesure, si\u00e8ges pour palais des congr\u00e8s, salles de conventions et de conf\u00e9rences<\/p>\n","protected":false},"author":1,"featured_media":1465,"menu_order":14,"comment_status":"open","ping_status":"closed","template":"","meta":[],"portfolio-types":[25],"class_list":["post-1638","portfolio","type-portfolio","status-publish","has-post-thumbnail","hentry","portfolio-types-produits"],"aioseo_notices":[],"_links":{"self":[{"href":"https:\/\/gilmobiliari.com\/fr\/wp-json\/wp\/v2\/portfolio\/1638","targetHints":{"allow":["GET"]}}],"collection":[{"href":"https:\/\/gilmobiliari.com\/fr\/wp-json\/wp\/v2\/portfolio"}],"about":[{"href":"https:\/\/gilmobiliari.com\/fr\/wp-json\/wp\/v2\/types\/portfolio"}],"author":[{"embeddable":true,"href":"https:\/\/gilmobiliari.com\/fr\/wp-json\/wp\/v2\/users\/1"}],"replies":[{"embeddable":true,"href":"https:\/\/gilmobiliari.com\/fr\/wp-json\/wp\/v2\/comments?post=1638"}],"wp:featuredmedia":[{"embeddable":true,"href":"https:\/\/gilmobiliari.com\/fr\/wp-json\/wp\/v2\/media\/1465"}],"wp:attachment":[{"href":"https:\/\/gilmobiliari.com\/fr\/wp-json\/wp\/v2\/media?parent=1638"}],"wp:term":[{"taxonomy":"portfolio-types","embeddable":true,"href":"https:\/\/gilmobiliari.com\/fr\/wp-json\/wp\/v2\/portfolio-types?post=1638"}],"curies":[{"name":"wp","href":"https:\/\/api.w.org\/{rel}","templated":true}]}}

Congrès et conventions

<p>Mobilier sur mesure, sièges pour palais des congrès, salles de conventions et de conférences</p>
